prime factors of 272864?
2, 8527
List the prime factors of 2325936.
2, 3, 47, 1031
What are the prime factors of 16112152?
2, 7, 19, 797
What are the prime factors of 7541105?
5, 11, 13, 53, 199
List the prime factors of 2317534.
2, 163, 7109
What are the prime factors of 124696?
2, 11, 13, 109
List the prime factors of 346658.
2, 13, 67, 199
What are the prime factors of 35256867?
3, 11752289
List the prime factors of 7637990.
2, 5, 73, 10463
What are the prime factors of 16249184?
2, 7, 43, 241
List the prime factors of 35030307.
3, 13, 898213
What are the prime factors of 1330294?
2, 7, 95021
What are the prime factors of 761214?
2, 3, 293, 433
What are the prime factors of 1896144?
2, 3, 39503
What are the prime factors of 18869444?
2, 11, 428851
List the prime factors of 160982.
2, 80491
List the prime factors of 8843660.
2, 5, 7, 181, 349
What are the prime factors of 232721?
409, 569
What are the prime factors of 9931284?
2, 3, 11, 31, 809
What are the prime factors of 10409408?
2, 41, 3967
What are the prime factors of 25821774?
2, 3, 11, 29, 1499
List the prime factors of 803397.
3, 7, 67, 571
List the prime factors of 5368290.
2, 3, 5, 127, 1409
What are the prime factors of 934108?
2, 7, 73, 457
List the prime factors of 1694297.
11, 154027
What are the prime factors of 11303403?
3, 3767801
What are the prime factors of 50960?
2, 5, 7, 13
What are the prime factors of 2611810?
2, 5, 139, 1879
List the prime factors of 2192690.
2, 5, 29, 7561
What are the prime factors of 15457611?
3, 13, 396349
List the prime factors of 34316497.
73, 470089
What are the prime factors of 3525661?
31, 113731
What are the prime factors of 185241?
3, 7, 8821
List the prime factors of 5714681.
7, 59, 101, 137
What are the prime factors of 6039979?
11, 549089
List the prime factors of 11362738.
2, 5681369
List the prime factors of 6986793.
3, 11, 193, 1097
What are the prime factors of 2108658?
2, 3, 19, 53, 349
What are the prime factors of 30345927?
3, 109, 92801
What are the prime factors of 498665?
5, 99733
What are the prime factors of 1432767?
3, 7, 68227
What are the prime factors of 1812296?
2, 19, 11923
List the prime factors of 90114.
2, 3, 23, 653
List the prime factors of 2421922.
2, 17, 71233
List the prime factors of 4162072.
2, 223, 2333
What are the prime factors of 284783?
284783
List the prime factors of 6347510.
2, 5, 13, 157, 311
List the prime factors of 5848597.
5848597
List the prime factors of 84987.
3, 7, 19, 71
What are the prime factors of 6085925?
5, 243437
What are the prime factors of 3433020?
2, 3, 5, 29, 1973
What are the prime factors of 2768232?
2, 3, 115343
What are the prime factors of 817896?
2, 3, 53, 643
What are the prime factors of 110751?
3, 19, 29, 67
What are the prime factors of 5329595?
5, 19, 56101
What are the prime factors of 3467404?
2, 866851
What are the prime factors of 620355?
3, 5, 41357
What are the prime factors of 14024?
2, 1753
List the prime factors of 17221110.
2, 3, 5, 251, 2287
List the prime factors of 1037441.
1037441
What are the prime factors of 8361945?
3, 5, 185821
What are the prime factors of 1564958?
2, 173, 4523
What are the prime factors of 18226070?
2, 5, 1229, 1483
What are the prime factors of 10526675?
5, 109, 3863
What are the prime factors of 5620860?
2, 3, 5, 7, 1487
List the prime factors of 15452.
2, 3863
What are the prime factors of 131512?
2, 17, 967
List the prime factors of 18829608.
2, 3, 7, 17, 19, 347
List the prime factors of 229647.
3, 11, 6959
List the prime factors of 171041.
13, 59, 223
List the prime factors of 3145951.
1049, 2999
List the prime factors of 2256291.
3, 17, 14747
List the prime factors of 194757.
3, 64919
List the prime factors of 2816761.
89, 31649
List the prime factors of 8056077.
3, 967, 2777
What are the prime factors of 218086?
2, 11, 23, 431
What are the prime factors of 197248?
2, 23, 67
What are the prime factors of 2138149?
13, 23, 7151
What are the prime factors of 5009286?
2, 3, 29, 28789
What are the prime factors of 467002?
2, 103, 2267
List the prime factors of 1370206.
2, 685103
List the prime factors of 9156738.
2, 3, 1526123
List the prime factors of 292971.
3, 7, 1993
List the prime factors of 195532.
2, 48883
List the prime factors of 87630.
2, 3, 5, 23, 127
List the prime factors of 16587982.
2, 139, 59669
What are the prime factors of 11990921?
11990921
What are the prime factors of 293611?
89, 3299
What are the prime factors of 7072741?
13, 89, 6113
List the prime factors of 574662.
2, 3, 11, 8707
What are the prime factors of 9775569?
3, 3258523
What are the prime factors of 2020500?
2, 3, 5, 449
List the prime factors of 414229.
467, 887
What are the prime factors of 14345909?
17, 59, 14303
What are the prime factors of 168047?
11, 15277
List the prime factors of 1095549.
3, 7, 13, 4013
List the prime factors of 430794.
2, 3, 7, 13, 263
What are the prime factors of 371082?
2, 3, 23, 2689
List the prime factors of 75131.
7, 10733
List the prime factors of 4076.
2, 1019
What are the prime factors of 20275572?
2, 3, 83, 20357
What are the prime factors of 8034088?
2, 73, 13757
What are the prime factors of 10673694?
2, 3, 41, 1607
What are the prime factors of 6413566?
2, 3206783
List the prime factors of 301811.
137, 2203
What are the prime factors of 222305?
5, 173, 257
What are the prime factors of 866179?
53, 59, 277
List the prime factors of 156030.
2, 3, 5, 7, 743
List the prime factors of 730490.
2, 5, 17, 4297
What are the prime factors of 6731178?
2, 3, 317, 3539
What are the prime factors of 192505?
5, 38501
What are the prime factors of 735234?
2, 3, 283, 433
List the prime factors of 6508625.
5, 52069
What are the prime factors of 97023?
3, 32341
What are the prime factors of 2349586?
2, 1174793
What are the prime factors of 3521165?
5, 704233
What are the prime factors of 3802660?
2, 5, 19, 10007
List the prime factors of 309225.
3, 5, 7, 19, 31
List the prime factors of 1665005.
5, 97, 3433
What are the prime factors of 15278126?
2, 79, 96697
List the prime factors of 1719947.
1719947
List the prime factors of 24634872.
2, 3, 43, 73, 109
What are the prime factors of 9672372?
2, 3, 31, 107
List the prime factors of 300971.
11, 27361
What are the prime factors of 228199?
228199
What are the prime factors of 308000?
2, 5, 7, 11
List the prime factors of 6838609.
101, 67709
What are the prime factors of 15343229?
11, 229, 6091
List the prime factors of 376796.
2, 7, 13457
What are the prime factors of 111934?
2, 55967
List the prime factors of 14968930.
2, 5, 29, 71, 727
What are the prime factors of 520190?
2, 5, 11, 4729
List the prime factors of 1718345.
5, 557, 617
What are the prime factors of 18553902?
2, 3, 17, 101, 1801
What are the prime factors of 1108874?
2, 13, 42649
What are the prime factors of 212886?
2, 3, 11827
What are the prime factors of 513116?
2, 37, 3467
What are the prime factors of 11208418?
2, 13, 33161
What are the prime factors of 11658397?
47, 248051
List the prime factors of 781691.
59, 13249
What are the prime factors of 477269?
13, 36713
What are the prime factors of 3433283?
7, 70067
List the prime factors of 131144.
2, 13, 97
What are the prime factors of 152824?
2, 7, 2729
List the prime factors of 1837273.
1837273
List the prime factors of 1192752.
2, 3, 11, 251
List the prime factors of 860359.
103, 8353
List the prime factors of 1994364.
2, 3, 55399
List the prime factors of 211011.
3, 37, 1901
What are the prime factors of 3764122?
2, 643, 2927
What are the prime factors of 18763405?
5, 3752681
List the prime factors of 272385.
3, 5, 6053
List the prime factors of 1228168.
2, 153521
List the prime factors of 23718339.
3, 292819
What are the prime factors of 891376?
2, 55711
What are the prime factors of 137847?
3, 45949
List the prime factors of 560873.
560873
What are the prime factors of 10715571?
3, 14699
What are the prime factors of 475562?
2, 237781
What are the prime factors of 1876113?
3, 208457
What are the prime factors of 3214117?
73, 44029
List the prime factors of 3858656.
2, 37, 3259
What are the prime factors of 355961?
149, 2389
What are the prime factors of 2164144?
2, 41, 3299
List the prime factors of 5239795.
5, 11, 47, 2027
What are the prime facto